ons digit of 25486225?
2
What is the tens digit of 62960?
6
What is the millions digit of 1998452?
1
What is the thousands digit of 7599622?
9
What is the tens digit of 1494898?
9
What is the hundreds digit of 390434?
4
What is the thousands digit of 61672?
1
What is the hundred thousands digit of 402926?
4
What is the hundred thousands digit of 21695912?
6
What is the hundred thousands digit of 137079?
1
What is the hundred thousands digit of 718026?
7
What is the ten thousands digit of 2295584?
9
What is the ten thousands digit of 1150855?
5
What is the units digit of 68357?
7
What is the thousands digit of 246254?
6
What is the hundreds digit of 2682582?
5
What is the hundreds digit of 346123?
1
What is the units digit of 560575?
5
What is the tens digit of 689160?
6
What is the hundred thousands digit of 207255?
2
What is the units digit of 151236?
6
What is the millions digit of 7312436?
7
What is the thousands digit of 2909132?
9
What is the tens digit of 878307?
0
What is the tens digit of 270533?
3
What is the ten thousands digit of 5575254?
7
What is the thousands digit of 940521?
0
What is the hundred thousands digit of 920809?
9
What is the units digit of 615639?
9
What is the tens digit of 9928?
2
What is the tens digit of 340550?
5
What is the tens digit of 2682433?
3
What is the ten thousands digit of 10718664?
1
What is the thousands digit of 4603190?
3
What is the tens digit of 2159910?
1
What is the millions digit of 2748372?
2
What is the thousands digit of 1973782?
3
What is the ten thousands digit of 1163409?
6
What is the units digit of 4432181?
1
What is the thousands digit of 340394?
0
What is the tens digit of 14991970?
7
What is the ten thousands digit of 105788?
0
What is the hundred thousands digit of 385339?
3
What is the hundreds digit of 676420?
4
What is the units digit of 5473765?
5
What is the tens digit of 13975?
7
What is the units digit of 29986409?
9
What is the units digit of 306066?
6
What is the units digit of 987493?
3
What is the millions digit of 12059404?
2
What is the thousands digit of 48242?
8
What is the ten millions digit of 14302595?
1
What is the thousands digit of 464105?
4
What is the hundred thousands digit of 10208946?
2
What is the thousands digit of 213174?
3
What is the ten thousands digit of 7299007?
9
What is the hundreds digit of 189392?
3
What is the tens digit of 671518?
1
What is the hundreds digit of 732385?
3
What is the ten thousands digit of 1014109?
1
What is the ten thousands digit of 382337?
8
What is the tens digit of 4123284?
8
What is the thousands digit of 20639?
0
What is the units digit of 10221379?
9
What is the tens digit of 7509662?
6
What is the millions digit of 1787749?
1
What is the hundreds digit of 230701?
7
What is the thousands digit of 140012?
0
What is the tens digit of 6612024?
2
What is the hundred thousands digit of 2411875?
4
What is the hundreds digit of 54981?
9
What is the hundreds digit of 1013337?
3
What is the thousands digit of 4725200?
5
What is the thousands digit of 266497?
6
What is the ten millions digit of 11834580?
1
What is the hundreds digit of 523427?
4
What is the ten millions digit of 18612483?
1
What is the millions digit of 2836819?
2
What is the ten thousands digit of 19079231?
7
What is the units digit of 3384457?
7
What is the ten thousands digit of 19782758?
8
What is the millions digit of 3503613?
3
What is the ten thousands digit of 559256?
5
What is the millions digit of 5117784?
5
What is the tens digit of 4319033?
3
What is the hundred thousands digit of 1230328?
2
What is the units digit of 959121?
1
What is the ten thousands digit of 143141?
4
What is the hundreds digit of 5280692?
6
What is the hundreds digit of 1446190?
1
What is the ten thousands digit of 3389542?
8
What is the hundreds digit of 2049416?
4
What is the hundreds digit of 119497?
4
What is the thousands digit of 11401?
1
What is the hundreds digit of 94156?
1
What is the thousands digit of 365335?
5
What is the hundreds digit of 2834891?
8
What is the tens digit of 53341?
4
What is the hundred thousands digit of 4639047?
6
What is the hundred thousands digit of 4545913?
5
What is the millions digit of 3141664?
3
What is the tens digit of 1279083?
8
What is the tens digit of 703558?
5
What is the thousands digit of 99555?
9
What is the hundred thousands digit of 161262?
1
What is the hundreds digit of 22763?
7
What is the hundreds digit of 869878?
8
What is the units digit of 10303440?
0
What is the hundreds digit of 782222?
2
What is the thousands digit of 23871?
3
What is the thousands digit of 909789?
9
What is the ten millions digit of 18577023?
1
What is the units digit of 218213?
3
What is the thousands digit of 2958361?
8
What is the hundred thousands digit of 912924?
9
What is the ten millions digit of 18720864?
1
What is the hundreds digit of 424561?
5
What is the hundred thousands digit of 287231?
2
What is the millions digit of 1504333?
1
What is the ten millions digit of 13126429?
1
What is the hundred thousands digit of 443684?
4
What is the thousands digit of 5901737?
1
What is the ten thousands digit of 2123100?
2
What is the thousands digit of 94600?
4
What is the hundred thousands digit of 492749?
4
What is the thousands digit of 5841209?
1
What is the hundreds digit of 33962205?
2
What is the tens digit of 11558372?
7
What is the tens digit of 41083?
8
What is the hundreds digit of 11676954?
9
What is the units digit of 8853997?
7
What is the hundreds digit of 34446559?
5
What is the hundred thousands digit of 6142449?
1
What is the millions digit of 12638550?
2
What is the hundred thousands digit of 847410?
8
What is the tens digit of 4896714?
1
What is the hundred thousands digit of 234027?
2
What is the tens digit of 307073?
7
What is the ten thousands digit of 33027?
3
What is the units digit of 99796?
6
What is the hundred thousands digit of 676856?
6
What is the ten thousands digit of 29092?
2
What is the tens digit of 582479?
7
What is the hundreds digit of 1351228?
2
What is the ten thousands digit of 690929?
9
What is the tens digit of 1173499?
9
What is the tens digit of 74675?
7
What is the thousands digit of 9878087?
8
What is the hundreds digit of 5192742?
7
What is the ten thousands digit of 1484392?
8
What is the units digit of 441628?
8
What is the units digit of 2682340?
0
What is the ten thousands digit of 734377?
3
What is the ten thousands digit of 1038228?
3
What is the hundreds digit of 10715631?
6
What is the tens digit of 7767213?
1
What is the hundred thousands digit of 368694?
3
What is the millions digit of 11530592?
1
What is the tens digit of 109173?
7
What is the hundreds digit of 106272?
2
What is the millions digit of 14632564?
4
What is the millions digit of 6644198?
6
What is the tens digit of 864451?
5
What is the hundred thousands digit of 15341025?
3
What is the tens digit of 3663766?
6
What is the units digit of 6593311?
1
What is the units digit of 3085582?
2
What is the ten millions digit of 13787356?
1
What is the units digit of 181941?
1
What is the hundred thousands digit of 415581?
4
What is the thousands digit of 8278327?
8
What is the tens digit of 7505188?
8
What is the millions digit of 2958457?
2
What is the thousands digit of 467044?
7
What is the tens digit of 405786?
8
What is the hundred thousands digit of 4672252?
6
What is the millions digit of 10126433?
0
What is the thousands digit of 156809?
6
What is the millions digit of 5517699?
5
What is the millions digit of 5187366?
5
What is the millions digit of 25395068?
5
What is the ten millions digit of 12489768?
1
What is the hundreds digit of 39250?
2
What is the tens digit of 786241?
4
What is the ten thousands digit of 1526250?
2
What is the ten thousands digit of 460166?
6
What is the tens digit of 17822073?
7
What is the units digit of 885671?
1
What is the ten thousands digit of 180270?
8
What is the tens digit of 1752671?
7
What is the thousands digit of 281034?
1
What is the units digit of 14722551?
1
What is the hundreds digit of 2114125?
1
What is the thousands digit of 11715806?
5
What is the units digit of 854691?
1
What is the hundred thousands digit of 407230?
4
What is the thousands digit of 7739518?
9
What is the